
14
Suppose 2*p = 7*p - 4*i - 5, 3*i = 15. Let v(n) = n - 7. Let c(q) = 6. Let r(y) = -3*c(y) - 2*v(y). Determine r(p).
-14
Let w(j) = -j**3 - 3*j**2 + 5*j + 7. Let b = -2922 + 2918. Determine w(b).
3
Let g(t) = -5*t**2 + 1. Let o(y) = -y**2 + 8*y + 8. Let m be o(9). Determine g(m).
-4
Let d(b) = -3*b + 18. Let p be d(6). Let w(u) be the third derivative of u**5/60 + 8*u**3/3 + 7*u**2. Calculate w(p).
16
Suppose 3*m - l = 28, 4*m = 6*m + 2*l - 8. Let r(h) = h**2 - 11*h + 9. What is r(m)?
-15
Let l(r) = r**2 + 12*r + 16. Let u be 141/(-13) + ((-108)/26 - -4). Give l(u).
5
Let x(w) be the third derivative of -w**7/1260 + 11*w**6/720 - w**5/6 - 16*w**2. Let v(b) be the third derivative of x(b). Give v(8).
-21
Let n(z) = -z**3 - 4*z**2 + 3. Let p = 284 - 200. Suppose -4*u + 56 = -2*w, 0*w = -5*u - w + p. Let d = -19 + u. Give n(d).
-6
Suppose -k = 3*i - 18, -3*k - 4*i + 2 = -27. Let r be (-4 - -5)*(k - 1). Let n(g) = 0*g - 2*g**2 + g**3 - g**r - 4*g. What is n(3)?
-12
Let t(y) = -y + 12. Let v be t(10). Let l(c) = -2*c - v - 1 - 1. Let j be 6 - 9 - 0/1. Calculate l(j).
2
Let n(b) = 2*b**2 + 11*b + 4. Let d(g) = -5*g**2 - 26*g - 9. Let f(i) = 3*d(i) + 7*n(i). Let v(y) = y**2 + 5*y - 3. Let c be v(-6). Let z = -5 + c. Give f(z).
-1
Let n(g) = -g + 21. Let w be n(15). Let v(c) = -5*c**3 + 4*c + 3. Let i(k) = k**3 - k**2. Let l(y) = w*i(y) + v(y). Give l(4).
-13
Let v(t) = t. Suppose -8*k + 3*k = 5. Calculate v(k).
-1
Suppose -2*i + i = -4*m + 24, 4*m + 2*i - 36 = 0. Suppose -m*q = -4*q + 21. Let b(y) = y**2 + 7*y + 2. Give b(q).
2
Let i(f) = -16*f**2 - 5*f - 1. Let q(w) = -18*w**2 - 6*w - 1. Let v(p) = -6*i(p) + 5*q(p). Give v(1).
7
Let v(y) = y - 1. Let z be v(4). Let q(i) = 4 + 2*i**3 - 3 - i**z. Let f(t) = -t**3 - 13*t**2 + 13*t - 16. Let l be f(-14). Determine q(l).
-7
Let n(c) = 11*c**2 + 23*c - 28. Let z(v) = 2*v**2 - 1. Let h(i) = -n(i) + 5*z(i). Give h(-24).
-1
Let q(p) = -p. Let h be q(-5). Let z(s) = 7*s**3 + 14*s**2 - 14*s + 11. Let w(g) = -2*g**3 - 2*g**2 + 2*g - 2. Let f(y) = 4*w(y) + z(y). What is f(h)?
-2
Let c(o) = -5*o - 3. Let d be (8 - (-116)/(-12))/(1/(-3)). Calculate c(d).
-28
Let l = -10 + 12. Let a(q) = -5 + 9 - l - q. Let t be (-2)/5 - 32/(-5). Give a(t).
-4
Let x(n) = -n - 7. Let a be x(-16). Let p(k) = -k**3 + 9*k**2 - k + 5. Calculate p(a).
-4
Let w = -67 - -88. Let o(s) = -s**3 - 3 - 3*s + 1 + 7*s**2 + 9*s**2 - w*s**2. Let l(q) = -2*q**3 + 3*q**2 - q + 2. Let z be l(2). Give o(z).
-6
Let l = 35 + -23. Let y be -9*(-4)/l - -2. Let a(o) = 4 - 5*o + 2 - 1 + 0*o**2 + o**2. Give a(y).
5
Let a(y) = y**3 + 26*y**2 + 24*y - 35. Let s be 25/(0/(-7) + (-2 - -1)). Calculate a(s).
-10
Let u be (-6)/27 - 58/(-18). Suppose u - 7 = -2*a. Let n(g) = -g - a + 2*g - g - 2*g. What is n(-3)?
4
Let g = -18 + 20. Let p(s) be the first derivative of 2*s**2 - 4*s**2 + s**g + 4 - 10. What is p(2)?
-4
Let s(q) = -13*q + 9. Let r(l) = -3*l + 2. Let t(x) = -9*r(x) + 2*s(x). Let w be (-1599)/(-234) + 1/6. What is t(w)?
7
Let t(z) = -2*z**2 - 4*z - 5. Let f = -2425 - -2424. Determine t(f).
-3
Suppose 0 = 3*w + 4 - 43. Suppose -k + 7 = 4*p - w, 32 = 4*p - 2*k. Let o(l) = 2 + 4*l**2 - p*l**2 - 1 + 4*l**2. Determine o(1).
3
Let f be -199 - -198 - (-1)/(2 + -1). Let n(b) = -2*b - 41. Calculate n(f).
-41
Let p(t) be the second derivative of t**5/20 - t**4/4 + t**3/2 - 3*t**2/2 - 198*t. What is p(2)?
-1
Let c(j) = -2*j**3 - j**2 + 1 + j**3 - 5*j**2 - 5*j. Let x(o) = o**3 + 6*o**2 + 7*o + 5. Let u be x(-5). Calculate c(u).
1
Let s(p) = p**3 + 4*p**2 + 4*p + 2. Let h(k) = k - 10. Let d(n) = n**3 - 17*n**2 + 18*n - 24. Let z be d(16). Let f be h(z). What is s(f)?
2
Let d(h) = -4*h - 1. Let t(f) = -f + 2. Let w(n) = n - 9. Let p be w(5). Let g be t(p). Suppose -2*a = 4*c - 2, 5*c = -2*a - 1 + g. Give d(c).
-13
Let p(s) = 18*s**3 - s**2. Suppose 6*b + 66 = 4*b. Let d = b - -34. Give p(d).
17
Let g be -2*1/4*-2. Let j = g - -1. Let u(w) = -2*w - 7 + 2*w + j - w. What is u(-4)?
-1
Let v(m) = m**3 - m**2 + m + 1. Let c(z) = -13*z - 79. Let y be c(-7). Suppose 4*p + 0 + 10 = -i, 5*p + y = -i. Determine v(p).
-13
Let m(u) = -u - 42. Let j be m(-33). Let d(y) = y**2 + 6*y + 10. Calculate d(j).
37
Let n = 352 - 348. Let c(d) = -d**3 + 5*d**2 - 3*d - 8. Give c(n).
-4
Let j(m) be the third derivative of m**6/30 + m**5/60 - m**4/12 + m**3/6 + 56*m**2. Calculate j(1).
4
Let r be 4 + -4 - (-1 + -3 - -2). Let q(b) = 4 + 2*b**r - b**2 - 1 + 0*b**2. What is q(0)?
3
Let a(w) = -7*w - 24. Let l = 1695 - 1700. Give a(l).
11
Suppose 75*j + 15 + 285 = 0. Let h(m) be the first derivative of m**4/4 + 4*m**3/3 + m**2 + 6*m - 1. Give h(j).
-2
Let k(m) = -33*m**2. Let r(p) = p**3 + 16*p**2 + 17*p + 29. Let z be r(-15). Determine k(z).
-33
Suppose 9*z + 8 = z. Let m = 2 + z. Let b(y) = -6*y**2 - 2*y + 1. Give b(m).
-7
Let q(u) be the second derivative of -2*u - 11/6*u**3 + 0 + 3/2*u**2. What is q(2)?
-19
Suppose 10*s - 18 - 12 = 0. Let t(l) be the third derivative of 1/3*l**s + 1/60*l**5 + 0*l - 2*l**2 + 0 + 1/4*l**4. Calculate t(-5).
-3
Suppose 5*n - n - 16 = 0. Let p(u) = -u - 8. Let d be p(-9). Let a(r) = -7*r + r**2 + 6 - d + r. Calculate a(n).
-3
Suppose -4*q - 19 = 3*b, 2*b - 7 + 22 = -5*q. Let s be (q + 10/6)*(-1 + 4). Let w(f) = -1 + 4*f + 2*f - 5*f. Give w(s).
1
Let r = 2305/24 + -96. Let p(m) be the third derivative of 0*m + m**2 + 0 + 1/3*m**3 - 1/30*m**5 - r*m**4. What is p(-2)?
-4
Let x(f) = -f - 21. Let y be 33/(-3) - -6*(-8)/(-12). Determine x(y).
-14
Let c(w) = w + 2. Let h be (-4 - (-4 + 1))*7. Let y be c(h). Let x(j) = -j**2 - 6*j - 6. Calculate x(y).
-1
Let v(t) = -30 - t + 0*t + 3*t - 16 + 27. Determine v(5).
-9
Let u(g) = -g**2 + 10*g + 16. Let v be u(11). Let m(o) = -v + 1 + 0*o + 5 - 3*o. Let c(y) = -y + 10. Let d be c(8). Determine m(d).
-5
Let p(g) = -3*g**2 + 6*g + 2. Let h = 21 + -12. Let u(s) = -13*s**2 + 27*s + 8. Let k(d) = -d. Let y(t) = 2*k(t) + u(t). Let n(x) = h*p(x) - 2*y(x). Give n(5).
-3
Let o = -40 + 40. Suppose -12 = -o*g - 3*g. Let s(w) = w**3 - 3*w**2 - 5*w + 6. What is s(g)?
2
Suppose -300*k = -298*k + 4. Let h(x) = 5*x - 2. Determine h(k).
-12
Let m(b) = b - 1. Let h be m(7). Suppose -5*y + 9 = w, -4*w + 21 = -y + h*y. Let p(j) = -2*j. Calculate p(y).
-2
Suppose -n = 2*i + 4*n + 18, -n = 2. Let a(m) = m**3 + 4*m**2 - 4*m - 10. Give a(i).
6
Let l(y) = -8*y + 7. Let m(d) = 17*d - 13. Let z(f) = -13*l(f) - 6*m(f). Let n be z(9). Let j = 0 + n. Let o(x) = -x + 2. Give o(j).
-3
Let r(t) = -t**2 - 14*t - 35. Let h be r(-10). Let m(c) = 3*c**2 + 16*c - 3. Let j(x) = 4*x**2 + 24*x - 5. Let i(s) = -5*j(s) + 7*m(s). Calculate i(h).
-11
Let p(w) be the second derivative of -w**4/12 + 7*w**3/3 - 11*w**2/2 + 24*w. Give p(14).
-11
Let s(k) = -k - 11. Let m be s(-5). Let j(o) be the first derivative of 9/2*o**2 + 6*o - 2 - 5/3*o**3 - 1/4*o**4. Determine j(m).
-12
Let g(j) = j**3 - 10*j**2 + 9*j + 3. Let v = -11 - -66. Let b = v - 46. What is g(b)?
3
Let w(k) be the first derivative of k**4/4 - 8*k**3/3 + k**2/2 - 6*k + 351. Let y = 14 + -6. Give w(y).
2
Let q(m) be the first derivative of -m**2/2 - m + 2. Suppose 3*x = -o + 2 + 12, 8*o + 2*x = 2. Give q(o).
0
Let r(v) = -4*v**2 + 2. Let f(a) = 93*a**2 - 3*a - 8. Let k(t) = -f(t) - 5*r(t). What is k(1)?
-72
Let k be 2/4 - (-377)/(-26). Let m = k + 15. Let y(c) = -3*c**3 + 3*c**2 - 3*c + 4. Let q(z) = z**3 - z**2 + z - 1. Let p(o) = -4*q(o) - y(o). Calculate p(m).
-1
Let w(j) = 2*j**2 + 24*j - 15. Let f(d) = -5*d**2 - 68*d + 45. Let s(x) = -3*f(x) - 8*w(x). Determine s(10).
5
Let x be 7/1 - (41 + -34). Let s(i) be the third derivative of 1/120*i**6 + 0 - i**2 - 1/24*i**4 + x*i + 1/2*i**3 + 1/20*i**5. What is s(-3)?
6
Let t(b) be the third derivative of -9*b**2 + 0*b + 2/3*b**3 - 1/60*b**5 + 1/6*b**4 + 0. Suppose 4 = 2*k + 2*h, -k + 6*k + h - 26 = 0. What is t(k)?
-8
Let w = 6 - 2. Suppose w*n = -0 + 8. Let d(i) = 6*i - 5*i - n*i - i**3 + 3*i + i**2. Determine d(-2).
8
Let n(u) be the second derivative of 9/2*u**2 - 5/12*u**4 + 16*u + 0 - 7/6*u**3 + 1/20*u**5. Determine n(6).
3
Suppose 90 = 6*p - 24*p. Let b(d) = d**3 + 4*d**2 - 4*d - 8. What is b(p)?
-13
Let t(a) = -a**3 + 3*a**2 + 3*a + 1. Let n(z) = 5*z**2 + 6*z - 3. Let q be n(2). Let i = q + -71. Let m be 14/i - (-13)/3. What is t(m)?
-3
Suppose 264 = 4*